 of q and 20?
4
Suppose -b - 195 = -594. Let u = -112 + b. Calculate the greatest common divisor of u and 41.
41
Let x(c) = -7*c + 6. Let t be x(-7). Suppose -l - 9 + 31 = 0. What is the greatest common divisor of t and l?
11
Suppose 0 = -15*z + 445 - 55. What is the highest common factor of 1248 and z?
26
Let n = -229 + 339. Calculate the highest common divisor of n and 66.
22
Let f(h) = -3*h - 3. Let n(j) = -2*j - 3. Let l(r) = 3*f(r) - 4*n(r). Let x be l(2). Let p be 13/3 - (-4)/6. Calculate the highest common divisor of x and p.
1
Let w = 101 + -96. Let b(j) = -7*j + 37. Let r be b(w). Let y be 2*(-2)/(-4) - -5. What is the greatest common divisor of r and y?
2
Let i(y) = -y**2 - 39*y - 96. Let o be i(-35). What is the highest common divisor of o and 220?
44
Let n be ((-7)/(-14))/(4/(-8)) + 78. Calculate the highest common divisor of 2079 and n.
77
Suppose s - 296 = -4*z, 2*s + 17*z - 540 = 22*z. Calculate the highest common divisor of 7 and s.
7
Let u = 4 + 1. Suppose -y + 189 = u*j - 37, 5*y = -5*j + 230. Suppose 0 = -5*l + 5*t + j, l - 2*l + 12 = 2*t. What is the highest common divisor of 20 and l?
10
Let c = 39 + -25. Suppose 0 = -3*w + 5*d + 13, 0 = 5*w - 4*d - c - 12. Let o = w - -17. Calculate the greatest common factor of o and 253.
23
Let u(q) = 2*q**2 - q - 20. Let m be u(4). What is the greatest common divisor of m and 104?
8
Suppose 564 = 2*k + k. Let h = k - 116. Suppose 3*b = -b + h. What is the greatest common factor of b and 2?
2
Let n be ((327/218)/(3/(-19)))/((-1)/2). Let y = -139 + 291. What is the greatest common divisor of n and y?
19
Let m = 257 + 824. Calculate the highest common divisor of m and 94.
47
Suppose -4*d + 0*d - 400 = 0. Let v = -28 - d. Calculate the highest common divisor of 8 and v.
8
Let q be (-3878)/(-161) + -3*(-2)/(-69). Suppose 6 + 234 = 2*k. What is the highest common divisor of q and k?
24
Let a be 3 + (-966)/(-18) + (-2)/(-6). What is the greatest common factor of a and 38?
19
Let j be 24/9*(-6)/(-4). Suppose 1 = -q - 0, -4*y - j*q + 40 = 0. Let u = 318 - 296. Calculate the greatest common factor of u and y.
11
Let l = 91 + -32. Suppose 3*f - l = -4*v, 3*v + f - 57 = -v. What is the highest common divisor of v and 1?
1
Let t be (-1 - -1)/(11 - 13). Suppose t*v + 3*d = -2*v + 7, -5*v = d - 11. Let y be (-222)/(-14) - v/(-14). What is the highest common divisor of 8 and y?
8
Let y = -3 + 20. Suppose 4747 = 60*a - 5453. Calculate the highest common factor of a and y.
17
Suppose 0 = 2*f - h - 75, 11*h = 13*h - 10. Calculate the highest common factor of 410 and f.
10
Suppose 2*j = 107 + 973. What is the greatest common factor of j and 60?
60
Suppose -40 = -r + 92. Calculate the highest common divisor of 88 and r.
44
Suppose -v = 4*p - 2419, -504*v + 506*v = -p + 4810. What is the greatest common divisor of 27 and v?
27
Let i(l) = -2*l**3 + 2*l - 3. Let v be i(-3). Let x = 77 - v. Let d(y) = -y**2 - 12*y - 23. Let k be d(-9). What is the highest common factor of x and k?
4
Suppose 0*s - 276 = -3*s + f, 3*s - 2*f - 279 = 0. What is the highest common divisor of 7 and s?
7
Let o(u) = -16*u - 288. Let h be o(-44). What is the greatest common factor of h and 26?
26
Suppose 1 = -t - 4. Let c = 14 + t. Suppose 2*o + c = 3*o. What is the highest common factor of 63 and o?
9
Let p be (19 + 31)*(0/(-1) - -1). Let k be 4 + -1 + -2 - -57. Let t = k - 38. What is the highest common factor of t and p?
10
Let o(s) = s. Let a be o(0). Suppose a = 3*m - 2*b - 25, b + 35 = 3*m - 3*b. Calculate the highest common divisor of m and 5.
5
Suppose 5*t + 0*q - 359 = 2*q, t - q = 70. Suppose 0 = 5*n - 4*u + u - t, 2*u = -4*n + 54. What is the highest common factor of n and 112?
14
Let u(b) = 27*b**2 + b + 4. Let v be u(1). What is the highest common factor of v and 80?
16
Let v(n) = n**2 + 16*n - 13. Let z be v(-17). Let h = 11 + z. Let k = -10 + 40. What is the highest common divisor of k and h?
15
Let t be (-51)/(2 + 12/(-4)). Let y = 190 + -156. Calculate the greatest common divisor of y and t.
17
Let t = 38 + -60. Let l = t - -36. Suppose 3*r - 4*r = -70. What is the highest common divisor of r and l?
14
Let i be 559/26 - 2/(4/1). Calculate the highest common divisor of 12 and i.
3
Let v = 172 + -178. Let l(y) be the first derivative of -21*y**2 - 1. Let u be l(v). What is the greatest common factor of 28 and u?
28
Let a = -6 - -18. Suppose -4*t + 133 = -4*b + 1213, 4*b + 5*t = 1080. Let w = -186 + b. What is the greatest common factor of w and a?
12
Suppose 38*p - 494 = 418. Let b be (16/(-20))/((-2)/60). Calculate the highest common divisor of b and p.
24
Suppose 0 = u + 3*h + 21, -3 = -2*u + 3*h - 36. Let q = u - -25. What is the greatest common factor of q and 7?
7
Suppose 30 = -4*b + 54. What is the greatest common divisor of 426 and b?
6
Let p = 136 + -64. Suppose 0 = -4*m - 4*a - 12 + p, 3*m - 2*a = 30. Let f be 292/16 + 2/4*16/(-32). Calculate the highest common divisor of f and m.
6
Suppose -600 = -13*n - 2*n. Calculate the highest common divisor of 180 and n.
20
Let l be ((-58)/2)/((-6)/18*3). What is the highest common factor of l and 928?
29
Let z = 368 + -345. What is the greatest common divisor of z and 161?
23
Suppose 64 = 4*d + 4*i, 5*i + 8 + 7 = 0. Suppose -11*b + 64 = -9*b. Let x = b - -6. What is the greatest common factor of d and x?
19
Suppose 2*t - 30 = 5*z, 4*z - 2*z = -5*t + 17. Let v be (-7)/42 + t/(-6). Let s be (v + -6 + 2)*-3. Calculate the greatest common factor of s and 15.
15
Suppose -k = -3*p + 499, -3*p + 2*k = -524 + 21. Calculate the greatest common divisor of p and 55.
55
Suppose -8*i = 1619 - 5227. Calculate the highest common factor of 41 and i.
41
Let r(b) = 9*b + 21. Let y be r(15). Let u be (2/5)/(8*(-2)/(-480)). Calculate the highest common factor of y and u.
12
Let z = 24 + -10. Suppose p - 8 = -t, 0*t + 2*t + 4*p - 22 = 0. Let r be (-766)/(-5) - (-4)/t. What is the highest common divisor of r and z?
14
Let p be (-6 - 2)/(-4) - -46. Suppose -3*w = v - 2*w - 3, -5*w = 15. Calculate the highest common divisor of v and p.
6
Suppose 7*o + r + 18 = 10*o, 3*o + 2*r = 18. Calculate the greatest common factor of 51 and o.
3
Suppose -19601 + 4145 = -23*d. Calculate the highest common factor of d and 21.
21
Let y(g) = g**2 - 45*g - 40. Let k be y(46). What is the highest common factor of 2694 and k?
6
Let k(i) = 2*i**2 - 4*i - 7. Let h be k(6). Let c = -17 + h. Calculate the highest common divisor of c and 48.
24
Let b(m) = 411*m. Let k be b(1). Let g = -14 + k. Let w = -282 + g. Calculate the greatest common factor of 23 and w.
23
Let s = 236 + -188. Calculate the greatest common factor of s and 32.
16
Let d = 7340 - 7331. Let y be ((-36)/(-10))/((-1)/(-5)). Calculate the highest common divisor of d and y.
9
Suppose 14*o = 17 - 73. Let c be ((-96)/(-30))/(o/(-50)). Calculate the highest common divisor of 320 and c.
40
Let y(i) = -2*i + 1. Let j be y(-2). Suppose j*n = -40 + 160. Calculate the highest common divisor of n and 264.
24
Let m be 23/92 + 646/8. Suppose 4*g - g - 5*o - m = 0, -o = -4*g + 108. Calculate the greatest common factor of g and 108.
27
Suppose -b + l - 8 = -5*b, b - 3*l = 15. Suppose -131 = k - 2*k + 3*m, b*m = -k + 149. What is the greatest common factor of k and 28?
28
Suppose 1355*i - 1360*i = -7990. Calculate the greatest common factor of 68 and i.
34
Suppose -5*b = 15, 54 = 3*k - 2*k + 2*b. What is the highest common factor of 270 and k?
30
Let o = 3526 - 3522. Let p(y) = 2*y**2 - 11*y + 7. Let a be p(7). What is the highest common divisor of o and a?
4
Suppose -w = 2*w, 5*n = 5*w + 330. What is the highest common factor of n and 429?
33
Suppose 16 - 4 = 4*v. Let p be (-2)/v + 186/9. Let q be (-5)/p - (-353)/4. Calculate the highest common factor of 11 and q.
11
Suppose 7*q - 5033 = -511. Calculate the highest common divisor of q and 34.
34
Let i(b) = 5 + 1 - 15 - 3*b + 0. Let q be i(-4). Suppose 610 = 2*k + 3*k + q*h, h = -5. What is the highest common divisor of k and 25?
25
Let n be (2 - (-30)/(-9))*(-15)/2. Let t be (425/n)/((-3)/(-6)). Suppose -4*c - c = -170. Calculate the highest common divisor of t and c.
17
Suppose -5*t + 5*c = -29 - 6, 0 = -4*t - c + 48. Suppose 2*q - 546 = -t*q. Calculate the highest common divisor of q and 28.
14
Let d(z) = -2*z*